7*v**3 - 16*v**2 + v - 13. Is l(-5) a composite number?
False
Let a(x) = 280*x**3 - x**2 + 2*x - 9. Is a(4) composite?
False
Let p = 1312 - 635. Suppose -5*i = -5*b + 2*b - 3385, p = i + 5*b. Is i composite?
False
Let l(c) be the second derivative of 17*c**3/3 + 7*c**2 + c. Let d be l(10). Is 4/8 + d/4 a composite number?
False
Let n(o) be the second derivative of -19*o**5/4 - o**4/12 + o**2/2 + 6*o. Is n(-1) a prime number?
False
Suppose 2*s - 4 = -4*m, m + s - 1 = -2. Suppose -3*f - 2*f - 4*h = -6023, 0 = -m*f + 4*h + 3633. Is f a composite number?
True
Let t be (18/8)/((-1)/12). Let b be 1/(t/(-12) + -2). Suppose b*g + 2309 + 1458 = 5*j, -3*g - 3764 = -5*j. Is j composite?
False
Let g(v) = -8 + v + 2*v**2 + v + 9 + 0*v**2. Is g(6) prime?
False
Let p = 33 - -2914. Is p prime?
False
Let l(g) = -2*g + 21. Let z be l(9). Suppose -3044 = -z*a + 229. Is a a prime number?
True
Let q = 20 + 22. Suppose -t - 7 = g - 2*g, 5*g = -2*t + q. Suppose -u = -0*u + 5*r - 469, -2*r = -g. Is u prime?
True
Let y(q) = 6*q**2 - 12*q + 41. Is y(9) a composite number?
False
Suppose h = 5*x + 5*h + 218, 0 = -4*h + 12. Let m be (x/(-4))/(1/18). Suppose -3*s + 162 = b, 5*s = 5*b + m + 43. Is s a prime number?
True
Let a = 1492 + -2710. Let z = -487 - a. Is z prime?
False
Suppose -14 = -3*p + 1. Let w(j) = 5*j**3 - j**2 - 13*j + 6. Is w(p) a prime number?
True
Let c(g) = -31*g**2 + g + 1. Let t be c(-5). Let y = t - -1216. Suppose -z + 2*v + y = 0, v + v + 1323 = 3*z. Is z prime?
True
Let v = 512 - 123. Is v composite?
False
Let r(d) be the second derivative of 211*d**3/2 + 2*d**2 + 48*d. Is r(3) a composite number?
True
Let p be 15/4 - (-12)/(-16). Suppose p*f - 1016 = 2113. Is f composite?
True
Is 47589 + (-10)/(7 + -8) a prime number?
True
Suppose 5 = 3*d + 2*l, 0 = -3*d - 5*l + 2 - 3. Suppose -5*s = -3*s - d*n - 29, 0 = 3*n - 9. Let k = -12 + s. Is k prime?
True
Let h be -1 + 3/(9/663). Suppose -3*f + h - 58 = 3*y, -f = -y + 58. Suppose -4*m + s + 18 = -3*m, 3*m = s + y. Is m composite?
False
Let w(r) = -19*r**2 + 8*r + 2. Let v(b) = -b**2 - 1. Let s(k) = -v(k) - w(k). Is s(3) composite?
True
Let h(d) = 6*d. Let n be h(1). Let j = 10 - 5. Suppose -2*s + 8 = 5*c - n, -5*c = j*s - 35. Is s a prime number?
True
Let y(u) = u**2 + 44*u - 37. Is y(16) composite?
True
Suppose -5*y + 5*g + 89 = -21, -3*y + 46 = g. Let r(z) = 18*z + 13. Is r(y) prime?
False
Let n(v) = 18*v - 21. Let m = 3 + 5. Is n(m) prime?
False
Let c = -32 + 34. Is (c + -1)*(-447)/(-3) composite?
False
Let y be 48/36*(171 - 0). Let u be y/8*(-12)/(-9). Suppose 34*d + 364 = u*d. Is d a prime number?
False
Is 1034/33*2514/4 composite?
True
Let j(t) = 262*t**2 - 10*t - 166. Is j(14) prime?
False
Let z be (-85)/4 - (-1)/4. Let h = -19 + 13. Is 74*(z/h - 1) a composite number?
True
Let f(n) = -37*n**3 + 3*n**2 - 4*n - 3. Is f(-4) prime?
False
Is 51188580/4796 + (-1 - (-18)/22) a composite number?
True
Suppose -3968 = i - 5*i. Suppose 8*r - i = 4*r. Suppose 0*y - y - 4*m + 62 = 0, -r = -4*y + 3*m. Is y a prime number?
False
Is (-1)/(-6) + ((-220755)/(-18))/5 composite?
True
Let a = -15 + 21. Suppose a*j + j = 3745. Is j prime?
False
Let l be 0/((-12)/(-3))*-1. Suppose 5*x - 4*d = -7*d + 436, l = x - d - 84. Is x prime?
False
Let o(a) = 39*a**2 + 33*a + 25. Is o(-14) a prime number?
True
Let d be 24 - 1 - 9/3. Let u = d - 22. Is (-4)/(-6)*(-609)/u a prime number?
False
Let n(b) = b**2 + 2*b - 8. Let j be n(-4). Let x = j + 5. Suppose -x*h + 1972 = -h. Is h prime?
False
Suppose 5*k = n + 280, 4*k - 44 = 2*n + 186. Suppose -2*u + w = 27 - 2, -5*u - k = -w. Let t = u + 17. Is t a prime number?
True
Let q = 321 - -821. Suppose 30 = g - q. Suppose 4*x - g = -0*x. Is x a prime number?
True
Is 1271 - 27/18*(-8)/6 prime?
False
Let u(m) = 6*m + 32. Let g be u(-5). Suppose -g*b = -f - 0*b + 987, 0 = 2*f - 5*b - 1969. Is f a prime number?
True
Let s(b) = -b**3 + 8*b**2 - 9*b + 14. Let q be s(7). Suppose -2*r = 2*c - c - 899, -r - 4 = q. Is c a prime number?
True
Is 10005 - -4*4/(-8)*-1 a prime number?
True
Suppose 0 = 9*n - 2*n. Is 4524/(-36)*(n + -3) a composite number?
True
Suppose 7*q = 11*q - 8. Suppose 21 = -v + q*l + 314, -2*v = 4*l - 594. Is v composite?
True
Let j be (3 - -1) + (4 - 8). Suppose n = -m - 4, j*m + 12 = -3*n + 2*m. Let x(t) = t**3 + 11*t**2 + 5*t - 1. Is x(n) prime?
False
Suppose 6*s - 8694 - 2940 = 0. Suppose -540 + s = g. Is g a prime number?
True
Suppose 5*g + n - 23 = 0, -4*g + g - 2*n + 11 = 0. Suppose -5*h + 2*i = i - 268, -g*i - 121 = -2*h. Is h a prime number?
True
Let h(j) be the third derivative of 17*j**6/60 + j**3/6 + 5*j**2. Is h(1) a prime number?
False
Let g = -2306 - -6925. Is g prime?
False
Is 4/22 - 382*2700/(-264) a prime number?
True
Let s be 5 + 0 + (-5 - -4). Let m(f) = 1 + 294*f - s + 53*f + 69*f. Is m(1) composite?
True
Suppose 25879 = 3*u + 4*u. Is u composite?
False
Let g = 70665 - 41056. Is g composite?
True
Let g = 33 + -16. Suppose 3*z + 4*x - 177 = 0, -z - 3*x + 42 = -g. Suppose z = k - 68. Is k a prime number?
True
Suppose 62 = 5*g + 187. Let w be (-4)/(-10) - 115/g. Suppose 0 = 3*a - 5*y - 2913 + 251, w*a + 2*y = 4447. Is a composite?
True
Let v(u) = -7*u - 6*u**2 - 4*u**3 + 2*u**3 + 4*u**3. Let z = -15 - -20. Is v(z) a composite number?
True
Let i = -5 + -47. Let z = 25 - i. Is z composite?
True
Let h be (-4)/2 + 1*5. Suppose -2*j = p - 1117, -8*j = -2*p - h*j + 2198. Is p prime?
True
Let k = 19635 - 2362. Is k a composite number?
True
Suppose -48*f = -54*f - 4200. Let n = f + 3009. Is n prime?
True
Let l = 24 - -161. Is l prime?
False
Suppose 5*x + 8 + 3 = 3*l, l = -x + 1. Suppose r = 3*k + l*k - 6803, -10 = -5*r. Is k a prime number?
True
Let o(a) = 48*a**3 - 3*a**2 + 5*a - 3. Is o(2) prime?
True
Suppose 0 = 3*s + 12, -2*s = 21*v - 24*v + 11837. Is v composite?
False
Let j be (-8)/28 + 40/(-7). Let r(t) = 3*t + 6*t - 14*t - 7 - 22*t. Is r(j) a composite number?
True
Let m = 1643 - 660. Let z = 576 + -104. Let a = m - z. Is a prime?
False
Suppose 7*r + 33764 = 4*o + 3*r, r = -2*o + 16888. Is o a composite number?
False
Suppose 62*j = 55*j + 14511. Is j a prime number?
False
Let i be (200/(-35) - 4/14)/1. Suppose -4*s = -5*s - 12. Is ((-12762)/s)/(i/(-4)) a prime number?
True
Suppose 0 = -4*d + 5*s + 97, 4*d + s = 3*s + 82. Suppose d*n - 15*n - 7983 = 0. Suppose -8*b - 781 + n = 0. Is b prime?
False
Suppose 5*i - 2*f = 3*f + 35, 0 = 3*i - 5*f - 21. Suppose 0 = i*b - 51 - 12. Suppose -4*z = d - z - b, -d + 9 = -z. Is d composite?
True
Let l be ((-1)/(-3))/(1/2055). Suppose 0 = s - 6*s + l. Suppose 4*j = -b + s + 42, -3*b = 2*j - 77. Is j prime?
False
Suppose 0 = -z - 5*l + 5130, -2*z + 2318 = -5*l - 8017. Is z a prime number?
False
Let k(p) = 14*p**2 - 10*p + 3. Let v(z) = 43*z**2 - 30*z + 10. Let a(r) = 7*k(r) - 2*v(r). Let f(d) = d. Let l be f(5). Is a(l) a prime number?
True
Let k = 74945 + -37654. Is k prime?
False
Suppose 9*p + 5*g = 4*p + 37980, -p + 5*g = -7566. Is p composite?
False
Is (532452/16)/((-39)/(-104)) a prime number?
False
Let d be (-6 - -6)*(1 - 0). Is 402 + (-2)/(-2) + d a composite number?
True
Let n(h) = -20*h - 1. Suppose -r - 4*b = -29, -73 = -5*r + b - 3*b. Let i be n(r). Let k = -176 - i. Is k prime?
False
Suppose -q - 115 - 18 = 0. Let c = -87 - q. Is c composite?
True
Suppose -3*l - 3*s - 18 = 0, 5*l + 5 = 3*s - 25. Is (978/4)/(l/(-4)) prime?
True
Let o(l) = -41*l**2 + 2*l - 14. Let a be o(-3). Let h = a - -7176. Is h a prime number?
False
Let h = -7817 - -14796. Is h a composite number?
True
Suppose 2120 = 5*b - 11240. Let c = -1605 + b. Is c a prime number?
False
Let o(x) = 55*x**2 + 2*x - 14. Let u = -135 - -140. Is o(u) a prime number?
False
Let a(p) = -2388*p**3 - p - 1. Let k be a(-1). Let y = k + -1315. Is y composite?
True
Let n be ((-57)/6)/(1/2). Let j(g) = -23*g - 2. Let t be j(-2). Let d = t + n. Is d a prime number?
False
Let a(x) = 4*x**2 - 11*x + 2. Let q(w) = 2*w - 17. Let k be q(17). Is a(k) a prime number?
True
Suppose 3*h + 0*h + 5*p + 204 = 0, 0 = h - p + 68. Let a = -211 + 362. Let u = h + a. Is u a prime number?
True
Let h be -3 - (-204)/(2 + 1). Suppose 3*m + m - 22 = -2*y, -5*m = 5*y - h. Is 185/y*(19 - -2) prime?
False
Is (-3)/12 - (-41031)/12 a composite number?
True
Let f(v) = 181*v + 1. Let p be f(2). Let l 